3*u = -f - 0 - 10, 14 = -4*u - f. Calculate the remainder when 16 is divided by o(u).
7
Suppose 0 = -u - 5, -2*g + 11 + 19 = 4*u. What is the remainder when (-25 - -28)/(3/47) is divided by g?
22
Let t(m) = -30*m - 277. Calculate the remainder when t(-13) is divided by 2.
1
Let o(a) = -a**3 + 4*a**2 - 2*a - 2. Let d be o(2). Let z be 4 + -3 - (d + -13). Let f = 40 - z. What is the remainder when f is divided by 15?
13
Let z = 342 + -273. Calculate the remainder when z is divided by 31.
7
Suppose 0 = 3*m - 0 - 15. Let j(h) = -2*h + 14. What is the remainder when 15 is divided by j(m)?
3
Calculate the remainder when 50 is divided by (-1)/4 - 6405/(-244).
24
Suppose -3*o + 47 + 34 = 0. What is the remainder when o is divided by 4 - (4/22 + 340/(-55))?
7
Let y(x) = -13*x**2 + x + 1. Let s be y(-1). Let v = s - -17. Suppose -v*f + 0*f + 144 = 0. Calculate the remainder when f is divided by 19.
17
Let d be -2 + 28/21 - 14/(-3). What is the remainder when 1/((-1 - -1) + d/20) is divided by 4?
1
Suppose y - 2*r = 25, 8*y - 7*y + 5*r = 11. Calculate the remainder when 81 is divided by y.
18
Calculate the remainder when 129 is divided by (30/9 - 3)/(2/120).
9
Suppose 6*n - 2*n - 253 = -5*a, -3*a - 143 = -2*n. Calculate the remainder when n is divided by 18.
13
Let w be 3 - (2 - 1) - 0. Suppose 4*r = w*o + 46, 2*o = -2*o + 20. Suppose -4*y = -z - 3*z + 40, -2*y + 15 = 5*z. What is the remainder when r is divided by z?
4
Suppose 0 = 5*q + 2*o - 136, 0*o - 5*o = 10. Suppose 0 = 88*d - 90*d + 8, 3*w = 3*d + 39. Calculate the remainder when q is divided by w.
11
Calculate the remainder when 177 is divided by (-1206)/(-36)*-1*2*-1.
43
Suppose 5*d - 84 - 6 = 0. What is the remainder when (-105)/(-2) - (-78)/156 is divided by d?
17
Let c be -1 + 4 + (-4 - -3). Suppose -5*f + u = c*u - 778, 4*f - 5*u - 605 = 0. Calculate the remainder when f is divided by 39.
38
Suppose 179 = 34*o - 297. Let r = 54 + 14. What is the remainder when r is divided by o?
12
Let x = -4 - -12. Let z = 71 - -17. Suppose 5*w = -21 + 1, w - z = -4*o. Calculate the remainder when o is divided by x.
7
Let p = -2 + 4. Suppose -13*y = -9*y - 28. Suppose 5*w + y = 47. Calculate the remainder when w is divided by p.
0
Suppose -y - 2*i = -i - 8, 2*i - 8 = 0. Suppose -3*n + 165 = -3*q + 6*q, -y*q + 4*n = -244. What is the remainder when q is divided by 10?
8
Let r be 4/(-5 - -4) - 20. Let f = -4 - r. What is the remainder when (119/14)/(2/f) is divided by 22?
19
Calculate the remainder when 86 is divided by 4 + -1 + (-13)/((-26)/30).
14
Suppose -2*x - 58 = -4*h, 30 = 2*h - 6*x + 4*x. Let r(y) = -33*y + 37. Calculate the remainder when h is divided by r(1).
2
Let f = 36 + -8. What is the remainder when 109 is divided by f?
25
Let m = -30 + 64. Let k(x) = 2*x**2 - 2*x - 11. What is the remainder when k(-8) is divided by m?
31
Suppose -5*q = -10*q + 50. Suppose -q = -0*k - 2*k, -4*v - 4*k + 164 = 0. What is the remainder when v is divided by 13?
10
Let a be 4 + 3*(-1 - -2). Suppose 0 = a*l - 3*l - 148. What is the remainder when l is divided by 10?
7
Let v(y) = 10*y**2 + y + 2. Calculate the remainder when v(2) is divided by 35.
9
Suppose -9*q = -4*q + 4*u - 39, -2*q - u = -12. Suppose 0 = 5*c - 41 - 19. What is the remainder when c is divided by q?
0
Let m(p) = 3*p**3 - 2*p**2 + 1. What is the remainder when (-55)/2*(-126)/35 is divided by m(2)?
14
Suppose 588 = -24*i + 30*i. What is the remainder when i is divided by 20?
18
What is the remainder when 136 is divided by (-7)/(5/(-25)*1)?
31
Suppose -16 = -2*v - 2. Suppose v + 1 = 4*c. Suppose j - 346 = -6*o + 2*o, c*o = -3*j + 168. Calculate the remainder when o is divided by 30.
27
Let v(h) = -3*h - 30. Let m be v(-11). Suppose 0 = -2*d + m*z + 76, -5*z + 95 = 4*d - 57. Calculate the remainder when 151 is divided by d.
37
Let c(q) = -20*q + 18. Let p be c(-6). Suppose 4*i = 6*i - p. Calculate the remainder when i is divided by 24.
21
Suppose 13 - 11 = -r. Calculate the remainder when 31 is divided by (21 - -1)/r*-1.
9
Calculate the remainder when 351 is divided by (-2*(7 + 39) + -7)*-1.
54
Let b = 93 - 59. Suppose 4*o + 2*m = -3*m + 15, m - 5 = -o. What is the remainder when b is divided by o?
4
Let b(k) = -2*k**2 - 10*k - 10. Let y be b(-3). What is the remainder when 50 is divided by 1/y + (-245)/(-14)?
14
Let j be -3 - ((-114)/24)/((-2)/40). Let k = -87 - j. Let h(c) = -8*c - 4. What is the remainder when h(-3) is divided by k?
9
Let d = 92 + -95. Calculate the remainder when 63 is divided by 340/10 - 1/(-3)*d.
30
Suppose 16*m - 111 = 13*m. Suppose -y = -10*y + 639. What is the remainder when y is divided by m?
34
Let t(d) = -5 + 6*d**2 + 4*d - d + 2. Calculate the remainder when (((-237)/2)/3)/(172/(-344)) is divided by t(2).
25
Suppose 5*p - 13 - 12 = 0. Suppose p*d = 4*d + 5. Suppose -24 = -r - d*n, -r + 5*n - 120 = -6*r. Calculate the remainder when 47 is divided by r.
23
Let v = -681 + 691. What is the remainder when 32 is divided by v?
2
Suppose 5*q = -0*q + 150. Let d(i) = 9*i - 78. Let f be d(11). Let a(j) = -j**3 + 20*j**2 + 21*j + 8. Calculate the remainder when q is divided by a(f).
6
Suppose 60 = 15*p - 3*p. What is the remainder when (4/(-10))/((-2)/110) is divided by p?
2
Let j = -292 - -415. Let k(l) = l**2 + l + 3. Let f be k(-5). Suppose -4*r + j - f = 0. Calculate the remainder when r is divided by 10.
5
Let w(p) = 3*p**3 - 21*p**2 - p + 11. Let x be w(7). Suppose n - 104 = -x*c, 7*n - 8*n + 77 = 3*c. What is the remainder when 103 is divided by c?
22
Let g(b) = 9*b**2 + 5*b - 6. Calculate the remainder when 216 is divided by g(-2).
16
Suppose 0 = 10*w - 13*w + 4*q + 434, 0 = -3*w - 5*q + 389. What is the remainder when w is divided by 47?
44
Let n(c) = 11*c - 123. What is the remainder when n(21) is divided by 14?
10
Let q = -1686 - -1718. What is the remainder when q is divided by 19?
13
Suppose -55*v - 8492 = -100782. Calculate the remainder when v is divided by 80.
78
Suppose -143 = -3*t - 5*h, 2*h = -4*t - 59 + 273. Suppose 4*m + z - 116 = 0, -5*m = -z - 4*z - 170. Calculate the remainder when t is divided by m.
26
Let p = -4 + 20. Let s be 390/3 + (0 - -3). Let q = s - 72. What is the remainder when q is divided by p?
13
Let w(l) = 30*l - 368. Calculate the remainder when w(14) is divided by 3.
1
Let t be ((-4 - -2)*41)/((-2)/1). Let a = 49 + t. What is the remainder when a is divided by 24?
18
Let h(t) = t**3 + 47*t**2 - 96*t + 257. What is the remainder when h(-49) is divided by 87?
72
Let n be 6/18 - (-86)/(-6). Let q = 78 - 74. What is the remainder when q is divided by ((-16)/(-28))/((-4)/n)?
0
Suppose -201 = -x + 3*j, -11*x + 437 = -9*x + j. What is the remainder when x is divided by 31?
30
Let l = -1146 + 1722. Let a = 4 + 1. Suppose -l = -a*w - 221. Calculate the remainder when w is divided by 24.
23
Let c = -79 - -82. Suppose 48 = c*l - 3*n, -2*l - 3*n + 13 = -24. What is the remainder when 83 is divided by l?
15
Let u = -1076 - -1094. What is the remainder when u is divided by 8?
2
Let w(a) = -4*a + 32. What is the remainder when 23 is divided by w(5)?
11
Let b(y) = 79*y - 40. Calculate the remainder when b(2) is divided by 18.
10
Let u(n) = n**3 + 6*n**2 + 6*n + 12. Let k be u(-5). Calculate the remainder when 385/25 - (k/5 - 2) is divided by 5.
1
Suppose 25*p - 204 = 21*p. Let z = -28 + p. Calculate the remainder when 114 is divided by z.
22
Let j(i) = i**3 + 7*i**2 - 122*i + 23. What is the remainder when 105 is divided by j(-15)?
52
Suppose 43 = 2*s + 11. Suppose -42*i + 163 + 299 = 0. Calculate the remainder when s is divided by i.
5
Let a = 1948 + -1933. What is the remainder when 147 is divided by a?
12
Calculate the remainder when 80 is divided by (28/2)/(-1 - -2).
10
Suppose 36*z - 37 = -a + 35*z, 0 = 5*a - 3*z - 145. Calculate the remainder when a is divided by 10.
2
Let s = -13 + 15. Suppose -v = l + 124, -s*v - 23 - 101 = l. Let n = -73 - l. What is the remainder when n is divided by 13?
12
What is the remainder when 127 is divided by 14200/840 - 6/(-63)?
8
Suppose -25*y - 2*y + 7641 = 0. Calculate the remainder when y is divided by 22.
19
Calculate the remainder when (-1010)/(-6) + 5/((-45)/(-6)) is divided by 19.
17
Let s(i) = -i**3 - 6*i**2 + 15*i + 5. Let t be s(-8). Let p = 24 - t. Calculat